{"id":3710,"date":"2016-08-25T20:33:05","date_gmt":"2016-08-25T20:33:05","guid":{"rendered":"http:\/\/www.paulcuvelier.org\/?page_id=3710"},"modified":"2024-06-12T10:39:54","modified_gmt":"2024-06-12T08:39:54","slug":"liens-3-2","status":"publish","type":"page","link":"https:\/\/paulcuvelier.be\/?page_id=3710","title":{"rendered":"La Fondation"},"content":{"rendered":"<p><img loading=\"lazy\" decoding=\"async\" class=\"wp-image-3374 size-medium aligncenter\" src=\"http:\/\/www.paulcuvelier.be\/wp-content\/uploads\/2016\/08\/fresqueph01-300x182.jpg\" alt=\"CR fresque Lens\" width=\"300\" height=\"182\" \/><\/p>\n<h3><\/h3>\n<h3 class=\"widget-title\">La Fondation PAUL CUVELIER<\/h3>\n<p style=\"text-align: justify;\">La Fondation a \u00e9t\u00e9 cr\u00e9\u00e9e le 9 d\u00e9cembre 2015 afin de sauvegarder et valoriser l\u2019\u0153uvre de l&#8217;artiste. Elle centralise ses droits mat\u00e9riels et moraux dans le but de pr\u00e9server l&#8217;int\u00e9grit\u00e9 et l&#8217;int\u00e9gralit\u00e9 de son travail. Les dons et b\u00e9n\u00e9fices r\u00e9colt\u00e9s par les activit\u00e9s de la fondation sont consacr\u00e9s \u00e0 ces seuls objectifs.<\/p>\n<p style=\"text-align: justify;\">Elle est compos\u00e9e des repr\u00e9sentants de tous les membres de sa famille et de membres ext\u00e9rieurs. Son cercle reste ouvert \u00e0 tous. Si vous d\u00e9sirez de plus amples informations sur Paul Cuvelier ou la Fondation, n&#8217;h\u00e9sitez pas \u00e0 nous contacter.<\/p>\n<p>&nbsp;<\/p>\n<h3 class=\"widget-title\">Avis de recherche<\/h3>\n<table style=\"width: 100%; border-collapse: collapse; border-style: none; border-color: #ffffff;\">\n<tbody>\n<tr>\n<td style=\"width: 327.023px;\">&nbsp;<\/p>\n<p><img loading=\"lazy\" decoding=\"async\" class=\"wp-image-886 size-medium aligncenter\" src=\"http:\/\/www.paulcuvelier.be\/wp-content\/uploads\/2015\/03\/coeacpo34-217x300.jpg\" alt=\"coeacpo34\" width=\"217\" height=\"300\" \/><\/td>\n<td style=\"width: 383.932px;\">&nbsp;<\/p>\n<p style=\"text-align: justify;\">La planche originale n\u00b0 34 du premier album des aventures extraordinaires de\u00a0Corentin Feldo\u00eb.<\/p>\n<p style=\"text-align: justify;\">La Fondation\u00a0souhaiterait entrer en contact avec son\u00a0propri\u00e9taire dans le cadre des recherches effectu\u00e9es pour le catalogue raisonn\u00e9. Discr\u00e9tion assur\u00e9e. Nous vous remercions d\u2019avance de bien vouloir nous\u00a0contacter.<\/p>\n<h3 class=\"widget-title\"><\/h3>\n<\/td>\n<td style=\"width: 84.3182px;\"><\/td>\n<\/tr>\n<\/tbody>\n<\/table>\n<h3 class=\"widget-title\">Catalogue raisonn\u00e9<\/h3>\n<p style=\"text-align: justify;\">La confection du catalogue raisonn\u00e9 de l\u2019\u0153uvre de Paul Cuvelier est un travail de longue haleine. Chaque \u0153uvre m\u00e9rite d&#8217;y \u00eatre r\u00e9pertori\u00e9e.<br \/>\nSi vous \u00eates l\u2019heureux propri\u00e9taire de l\u2019une d\u2019entre elles ou si vous avez des remarques ou des manquements \u00e0 formuler, n\u2019h\u00e9sitez pas \u00e0 nous contacter ou \u00a0envoyez directement un courriel \u00e0 <strong>info@paulcuvelier.be<\/strong>\u00a0!<br \/>\nToute discr\u00e9tion sera assur\u00e9e.<\/p>\n","protected":false},"excerpt":{"rendered":"<p>La Fondation PAUL CUVELIER La Fondation a \u00e9t\u00e9 cr\u00e9\u00e9e le 9 d\u00e9cembre 2015 afin de sauvegarder et valoriser l\u2019\u0153uvre de l&#8217;artiste. Elle centralise ses droits mat\u00e9riels et moraux dans le but de pr\u00e9server l&#8217;int\u00e9grit\u00e9 et l&#8217;int\u00e9gralit\u00e9 de son travail. Les dons et b\u00e9n\u00e9fices r\u00e9colt\u00e9s par les activit\u00e9s de la fondation sont consacr\u00e9s \u00e0 ces seuls &hellip;<\/p>\n<p class=\"read-more\"> <a class=\"\" href=\"https:\/\/paulcuvelier.be\/?page_id=3710\"> <span class=\"screen-reader-text\">La Fondation<\/span> Read More &raquo;<\/a><\/p>\n","protected":false},"author":1,"featured_media":0,"parent":0,"menu_order":0,"comment_status":"closed","ping_status":"closed","template":"","meta":{"site-sidebar-layout":"default","site-content-layout":"default","ast-global-header-display":"","ast-banner-title-visibility":"","ast-main-header-display":"","ast-hfb-above-header-display":"","ast-hfb-below-header-display":"","ast-hfb-mobile-header-display":"","site-post-title":"","ast-breadcrumbs-content":"","ast-featured-img":"","footer-sml-layout":"","theme-transparent-header-meta":"default","adv-header-id-meta":"","stick-header-meta":"","header-above-stick-meta":"","header-main-stick-meta":"","header-below-stick-meta":"","footnotes":""},"class_list":["post-3710","page","type-page","status-publish","hentry"],"_links":{"self":[{"href":"https:\/\/paulcuvelier.be\/index.php?rest_route=\/wp\/v2\/pages\/3710","targetHints":{"allow":["GET"]}}],"collection":[{"href":"https:\/\/paulcuvelier.be\/index.php?rest_route=\/wp\/v2\/pages"}],"about":[{"href":"https:\/\/paulcuvelier.be\/index.php?rest_route=\/wp\/v2\/types\/page"}],"author":[{"embeddable":true,"href":"https:\/\/paulcuvelier.be\/index.php?rest_route=\/wp\/v2\/users\/1"}],"replies":[{"embeddable":true,"href":"https:\/\/paulcuvelier.be\/index.php?rest_route=%2Fwp%2Fv2%2Fcomments&post=3710"}],"version-history":[{"count":5,"href":"https:\/\/paulcuvelier.be\/index.php?rest_route=\/wp\/v2\/pages\/3710\/revisions"}],"predecessor-version":[{"id":15211,"href":"https:\/\/paulcuvelier.be\/index.php?rest_route=\/wp\/v2\/pages\/3710\/revisions\/15211"}],"wp:attachment":[{"href":"https:\/\/paulcuvelier.be\/index.php?rest_route=%2Fwp%2Fv2%2Fmedia&parent=3710"}],"curies":[{"name":"wp","href":"https:\/\/api.w.org\/{rel}","templated":true}]}}